 349 + -77. Let c = -162 + y. Is c a multiple of 11?
True
Suppose 88*u - 86*u + 10810 = 4*b, 3*b - 3*u = 8097. Is 41 a factor of b?
True
Let s(d) = -d**2 + 99*d - 605. Does 11 divide s(62)?
False
Let s be 2/(-2)*45/5. Let x(r) be the third derivative of -r**5/60 - 3*r**4/8 + 10*r**3/3 - 8*r**2. Is x(s) a multiple of 20?
True
Suppose -p + 159*s + 1817 = 157*s, 3*p = 3*s + 5457. Does 91 divide p?
False
Suppose -249*l + 254*l - 3775 = 0. Is 5 a factor of l?
True
Let y = 336 - 334. Suppose -4*i + 1226 = 5*g, 3*g - y*i - 739 = -i. Is g a multiple of 41?
True
Suppose 1170 + 1898 = 4*p. Suppose l + 10 = 6*l. Suppose 3*y = 5*v + l*y - 769, -5*v + 3*y = -p. Is v a multiple of 7?
True
Let z(c) be the second derivative of -5*c**3 + 10*c**2 + 3*c. Let f(l) = l**2 - 4*l - 16. Let h be f(6). Is 19 a factor of z(h)?
False
Let d(a) = a**3 + 13*a**2 + 19*a + 83. Let u be d(-12). Suppose 56 = -c + 14. Is 3 - (u/((-1)/c) - 4) a multiple of 27?
False
Let y(h) = h**3 - 7*h**2 + 4*h + 4. Let z be y(7). Is 1449/(-12)*z/(-12) a multiple of 15?
False
Let i(s) = 2*s**2 - 10*s + 2. Suppose 31 = 3*k + u, 3*u = 5*k - u - 29. Let a be i(k). Let z = -69 + a. Does 2 divide z?
False
Let r(p) = 363*p**2 + 25*p + 51. Is 55 a factor of r(-5)?
False
Suppose 15*c - 60 = 3*c. Suppose -c*q + 1246 = 4*t - 2983, 1054 = t - 2*q. Does 48 divide t?
True
Let b be -2514*(-1)/1 + -7. Suppose 8*x + 15*x - b = 0. Is 6 a factor of x?
False
Suppose -18*g = -33515 - 2989. Suppose -9872 - g = -10*k. Is 26 a factor of k?
False
Let l(f) be the second derivative of -f**5/20 + 5*f**4/6 - 3*f**3/2 + 5*f**2/2 + 13*f. Let m be l(9). Suppose -m*r = 43 - 163. Is 8 a factor of r?
True
Suppose 95*s - 35*s - 33*s = 54432. Is s a multiple of 12?
True
Let a(v) = 28*v**2 - 7*v - 17. Let i be a(7). Let g = i + -768. Suppose -3*p + 5*h = -306, 0 = 5*p + 5*h - 4*h - g. Is 14 a factor of p?
False
Suppose 8*y - 12*y - z + 45 = 0, 0 = -2*y - 4*z + 26. Suppose y*s - 1368 = 5*s. Does 12 divide s?
True
Let p = -348 + 497. Suppose 0 = 4*b + 8, -4*x = 5*b - 81 - p. Is 12 a factor of x?
True
Is 3 a factor of 9388 - (-1 + -10 + 3)?
True
Does 22 divide (64188 + 8)/((-20)/6)*(-520)/156?
True
Let u(z) = -z**2 + 3*z + 9. Let t be u(4). Let s(m) = m**2 - 7*m + 12. Let a be s(t). Suppose -a*b - 39 = -111. Does 11 divide b?
False
Let k(r) = 16 + r**3 - 10*r**2 - 27*r + 12*r - 3*r**3 - 4*r**2. Is k(-8) a multiple of 11?
True
Is 9 a factor of 2 - 11744/(-8) - -5?
False
Let l = 387 + 57. Is 37 a factor of l?
True
Suppose -4*u = -u - 6. Suppose -4 = -4*m + u*m. Suppose 2*r - 33 = -3*z, 3*r - m*z = z + 27. Is r a multiple of 7?
False
Suppose 447 = 34*h - 32*h - 13193. Is h a multiple of 10?
True
Suppose h = -2*a + 58, -2*h + a + 47 = -79. Suppose t + 3*s - h = 8*s, -3*s + 240 = 3*t. Is t a multiple of 4?
False
Suppose -4*j = -3*k - 2838 - 5598, -3*j - 4*k = -6302. Is 26 a factor of j?
True
Let v(g) = 20*g + 42. Let s be v(27). Let t = s + -274. Does 15 divide t?
False
Let t = -19945 - -35845. Does 89 divide t?
False
Suppose 16*l = 441 + 711. Suppose 5*r + 12 = 152. Suppose -2*z = -n - 8 - r, -4*z = 4*n - l. Is 6 a factor of z?
True
Let w = 32596 - 26705. Does 20 divide w?
False
Suppose 4*h + 1362 = a - 174, 20 = -5*a. Does 11 divide 1/(3 + 1148/h)?
True
Is 1956 + (-3 + 54/15)*(-32 - -27) a multiple of 9?
True
Let b(v) = -461*v + 1882. Is b(-23) a multiple of 5?
True
Suppose -178 = 5*b + 127. Let t = b - -84. Does 5 divide t?
False
Suppose -13*z - 1200 = -18*z. Let r be 6/4*z/(-36). Is (-2391)/(-45) - r/(-75) a multiple of 19?
False
Let m = 521 - 106. Let c = 675 - m. Suppose c + 28 = 2*w. Is 12 a factor of w?
True
Is 51 a factor of (88 + -10)*(1 - 2)*-148?
False
Let z = 893 - 90. Does 27 divide z?
False
Suppose 199320 = -1361*n + 1383*n. Is 12 a factor of n?
True
Let r = -47 - -47. Suppose 3*s + r*s = -15. Is (-4)/s*285/6 - 2 a multiple of 9?
True
Let v(z) = -9 + 6 + 16*z + 9. Is v(0) a multiple of 2?
True
Let d(c) = 5*c**2 - c - 50. Let y be d(-6). Let n = y - 122. Is n a multiple of 7?
True
Let f = -2397 - -9620. Is 26 a factor of f?
False
Suppose -70*o + 68*o - 5*c = -35, -4*o - 2*c = -78. Suppose o*m - 13 = 327. Does 2 divide m?
False
Let i be 6 + 35/(-7) + -1. Suppose -892*w + 890*w + 1296 = i. Is 36 a factor of w?
True
Suppose 4*m = u - 2614 + 180, -2*m - 2*u = 1212. Let v = m - -1040. Is 36 a factor of v?
True
Suppose 0 = 3*f + f + 1540. Let n be (-10)/((72/(-40))/(-9) - 198/1090). Let h = f - n. Is h a multiple of 16?
True
Suppose -20 = -2*l - 3*z, z = 2*l + 3*l - 33. Let o(f) = -2*f**3 + 13*f**2 - 7*f - 10. Let m be o(l). Is 4 a factor of 24/m - ((-1376)/(-9))/(-4)?
False
Suppose 33*u - 10*u = 16691 + 3940. Is u even?
False
Let c(b) = 9*b**2 + 36*b - 670. Is 13 a factor of c(16)?
True
Let f(n) = 3*n - 1. Let b be f(1). Suppose -b*w + 0*h - 3084 = -h, 5*h + 20 = 0. Does 19 divide 2 - (2/8 - w/(-32))?
False
Let l = -7636 + 15886. Suppose -162 = -12*m + l. Is 29 a factor of m?
False
Suppose -12*d + 5743 = -80873. Suppose 0 = -22*t + d - 1212. Is t a multiple of 11?
False
Let u = 10411 + -9261. Does 14 divide u?
False
Suppose 4*o - 113 + 18 = -l, -3*l = -9. Is 7 a factor of (-1 - 47)/(-3)*o/2?
False
Let c(h) be the second derivative of -11*h**4/24 + 3*h**3/2 + 37*h**2/2 - 14*h. Let t(m) be the first derivative of c(m). Is t(-1) a multiple of 4?
True
Let v(j) = 101*j - 5. Suppose r + 3*r = 0. Let i be 6/(-3) + -3 + (6 - r). Is 12 a factor of v(i)?
True
Suppose 0 = -8*r + 265 + 151. Suppose 47*c - r*c - 535 = 0. Let h = c - -291. Is h a multiple of 23?
True
Does 3 divide (-387)/86*206/(-3)?
True
Suppose 12*n - 2659 = 3185. Let s = n - 39. Is s a multiple of 28?
True
Let a = 40 + -36. Suppose 0 = -z + 2 - a. Is 20 a factor of 8*(171/z)/(-9)?
False
Suppose 0 = -4*t + 2*p + p + 27, -t + 4 = 2*p. Suppose h - t*h + 115 = 0. Suppose -h = -4*i + 3*i. Is i a multiple of 15?
False
Let n = 15 + 738. Let z = -133 + n. Does 31 divide z?
True
Let w = -24200 - -76647. Does 23 divide w?
False
Let l be 1/(18/1197)*-2. Does 12 divide (-2)/(-7) - 46246/l?
True
Let c be (9/2)/(12/8). Let v = c + 13. Suppose 4*m = 2*m + v. Is m a multiple of 4?
True
Let x(t) = -638*t + 4781. Is 23 a factor of x(6)?
False
Let v be (-40)/(-3)*72/60. Suppose v*l = 18*l - 1470. Does 14 divide l?
False
Let v(l) = 702*l**2 + 63*l + 155. Does 52 divide v(-7)?
True
Suppose 26103 = -44*f + 196251. Is 9 a factor of f?
False
Let s(x) = 123*x + 146. Does 50 divide s(11)?
False
Let x = -4 - -9. Suppose 15 = -x*j - 5. Let p = j + 15. Does 11 divide p?
True
Suppose -5*l + 28 = 3, -5*m + 14245 = -l. Is 38 a factor of m?
True
Let q(r) = 28*r**2 - r + 3. Let t(f) = f + 1. Let j(u) = q(u) - 3*t(u). Let c be j(-1). Suppose 5*m - 6*m + c = 0. Is m a multiple of 32?
True
Let z = -26477 - -54981. Does 28 divide z?
True
Let n(q) = q**3 - 13*q**2 - 25 - 2 + 3*q + q. Let f(s) = 17*s**2 - 100*s + 1. Let j be f(6). Is 5 a factor of n(j)?
True
Let o(q) = 6*q**2 + 129*q - 637. Does 7 divide o(21)?
True
Suppose -48 = 3*p - 147. Suppose p = -a + 135. Let h = a - 80. Is 14 a factor of h?
False
Suppose 0*r + 5*m - 450 = 2*r, 2*r = -5*m - 470. Let a = -127 - r. Suppose -4*y = -s - 370, -y = 8*s - 3*s - a. Is y a multiple of 9?
False
Let x = 38838 + -27759. Does 9 divide x?
True
Let w(i) = -21*i + 555. Is 2 a factor of w(-81)?
True
Suppose 47 = -q + 130. Suppose 2*b + 3*i + 103 = 0, 6*b - 2*i - 226 = 10*b. Let y = q + b. Is 6 a factor of y?
True
Suppose -5*k - 9 = 4*s - 52, -k - 22 = -s. Suppose 0 = 10*o - s*o + 14. Suppose 140 + 84 = o*l. Is 11 a factor of l?
False
Let c(j) = 4082*j - 7729. Is c(21) a multiple of 25?
False
Let r = 143 + -132. Suppose r*l - 1586 = 1780. Is l a multiple of 18?
True
Let g be 3/18 - (-55)/(-6). Let l be 4/12 - (-3)/g. Suppose -2*o + 91 - 27 = l. Is o a multiple of 6?
False
Let i(h) = 12*h - 9. Let w = 11 + 52. Let q = 71 - w. Does 15 divide i(q)?
False
Let l(f) = f**3 + 8*f**2 - 4*f - 5. Let z be -2*1/(12/(-30)). Is 7 a factor of l(z)?
False
Let p(t) = -3*t**3 + 8*t**2 - 14*t - 327. Is p(-12) a multiple of 20?
False
Let i(m) be the third derivative of 14*m**5/15 + m**4/24 - 17*m**3/6 - 23*m**2 - 3. Is 26 a factor of i(-5)?
True
Let p be ((-62)/(-93))/((-4)/(-42)). Suppose 426 = -p*c + 1602. Is c a multiple of 24?
True
Suppose -d - 60 = -6*d. Let u be (-9)/12 - (-201)/d